5549 a composite number?
True
Is 652182889 a composite number?
False
Is 1631091541 a prime number?
True
Is 157105579177 a prime number?
True
Is 19905562813 composite?
False
Is 10464147391 prime?
True
Is 140111242871 prime?
False
Is 193876663 a composite number?
True
Is 59749907 composite?
True
Is 11204730349 a composite number?
False
Is 918789967 composite?
False
Is 26489743141 a composite number?
True
Is 4424622043 a prime number?
True
Is 8084841491 a prime number?
False
Is 8141931781 composite?
True
Is 113864046133 a prime number?
False
Is 14239456999 prime?
True
Is 18570197369 a prime number?
True
Is 25048597081 composite?
True
Is 1950437429 a prime number?
True
Is 6708149863 a composite number?
False
Is 269743610291 a composite number?
False
Is 2994521447 a composite number?
False
Is 369782711 prime?
True
Is 161120381 a prime number?
True
Is 5670515787 composite?
True
Is 1379407573 composite?
True
Is 530710001 prime?
False
Is 429543487 composite?
False
Is 38351333 composite?
True
Is 5391754247 a composite number?
True
Is 5195708227 a composite number?
False
Is 93748483277 prime?
False
Is 1325172929 composite?
False
Is 1140433871 a composite number?
False
Is 905547251 a composite number?
True
Is 156729046961 prime?
False
Is 527157317 a composite number?
True
Is 27538630459 a composite number?
False
Is 136756253 a composite number?
True
Is 978126953 composite?
False
Is 932007631 composite?
False
Is 2281944061 a composite number?
True
Is 96264749579 composite?
False
Is 6107328439 a composite number?
True
Is 690799849 a composite number?
True
Is 21875938241 a composite number?
False
Is 1579045937 prime?
False
Is 386950093 composite?
False
Is 888772343 a composite number?
False
Is 143162072863 composite?
False
Is 1391739439 a composite number?
False
Is 5638523491 a composite number?
True
Is 773791069 composite?
False
Is 3295327939 prime?
True
Is 342455723 prime?
True
Is 34883882057 a composite number?
False
Is 10492991827 composite?
True
Is 1536418687 prime?
True
Is 379542523 composite?
False
Is 3741443395 prime?
False
Is 116240807011 composite?
True
Is 38924025131 a composite number?
False
Is 1896781853 composite?
False
Is 710437109 prime?
False
Is 39162023 prime?
True
Is 1390313713 composite?
False
Is 54085645049 composite?
False
Is 1669527449 a prime number?
False
Is 8560981349 prime?
True
Is 564784151 prime?
False
Is 4094757815 a prime number?
False
Is 3913323839 a composite number?
False
Is 807003341 prime?
False
Is 2757958459 prime?
False
Is 8640381769 composite?
False
Is 5246913941 prime?
False
Is 115389718523 prime?
True
Is 804913393 composite?
True
Is 37670382733 composite?
False
Is 180945305 composite?
True
Is 1029570469 a composite number?
False
Is 449924377 a prime number?
False
Is 86503177921 prime?
True
Is 657951761 prime?
True
Is 111325829443 composite?
True
Is 47166056131 a prime number?
True
Is 5689928747 prime?
False
Is 16393775059 prime?
False
Is 9688472177 a composite number?
False
Is 5856184489 a prime number?
False
Is 87437606539 composite?
False
Is 5817805193 a prime number?
False
Is 2452877431 a prime number?
True
Is 680243717 composite?
False
Is 120062619917 prime?
True
Is 24285456939 a composite number?
True
Is 2940874163 prime?
True
Is 4736139107 a composite number?
True
Is 30349904173 composite?
True
Is 127429969 a prime number?
True
Is 181183421 prime?
False
Is 685776391 a composite number?
True
Is 6639301811 composite?
False
Is 5081900009 composite?
True
Is 92122168573 a composite number?
False
Is 28426991741 a prime number?
True
Is 2173491753 a prime number?
False
Is 236572451 composite?
False
Is 37646987927 a prime number?
False
Is 11473135189 prime?
False
Is 1814076101 composite?
False
Is 17478961037 prime?
True
Is 2195212609 a prime number?
True
Is 1771312949 composite?
True
Is 2486249443 composite?
True
Is 11640964939 composite?
True
Is 1377327577 composite?
True
Is 28501899087 prime?
False
Is 4575528403 composite?
False
Is 190382581 a composite number?
False
Is 3739665403 a composite number?
True
Is 2656621291 a prime number?
False
Is 15960514718 prime?
False
Is 1123660079 composite?
False
Is 5832034597 composite?
False
Is 450999083 a prime number?
False
Is 561275191 composite?
False
Is 194611169 prime?
True
Is 33000287413 a composite number?
True
Is 177035939 a composite number?
True
Is 745010761 a prime number?
False
Is 421061213 a composite number?
True
Is 753058937 a prime number?
True
Is 9150072077 a prime number?
True
Is 967367773 prime?
True
Is 662350933 a composite number?
True
Is 151256491 a composite number?
False
Is 119664562 a composite number?
True
Is 1950920723 composite?
True
Is 1296348667 composite?
True
Is 652684042 a prime number?
False
Is 134668543 a prime number?
False
Is 5196903493 a composite number?
False
Is 70281857 a composite number?
True
Is 216867751399 a prime number?
False
Is 177743249 a prime number?
True
Is 102349186253 a prime number?
False
Is 1695858929 prime?
True
Is 71238721523 a prime number?
False
Is 2030981093 a prime number?
True
Is 1557172327 composite?
True
Is 12481994183 prime?
True
Is 30023247337 a prime number?
True
Is 5126469409 prime?
True
Is 244490549 a composite number?
True
Is 213786737 composite?
False
Is 26170229713 a composite number?
False
Is 837764513 prime?
True
Is 1005552283 prime?
True
Is 229138691 composite?
False
Is 3771782653 prime?
False
Is 12319061 a prime number?
True
Is 15512433203 prime?
True
Is 7874293439 prime?
False
Is 1248732517 a composite number?
False
Is 29177488177 prime?
True
Is 38623912081 prime?
True
Is 3645468499 prime?
False
Is 735520399 a prime number?
False
Is 2293444753 prime?
False
Is 1146795271 a composite number?
True
Is 29707438433 prime?
False
Is 4267475669 prime?
True
Is 44047780687 a composite number?
False
Is 21839775481 a prime number?
True
Is 8886688214 a prime number?
False
Is 140511462695 a composite number?
True
Is 307001459 a composite number?
False
Is 8320082755 a prime number?
False
Is 404794969 a prime number?
True
Is 8952007831 a composite number?
True
Is 28027327529 composite?
False
Is 9701319091 a prime number?
False
Is 143958029 a prime number?
True
Is 706389587 a composite number?
False
Is 11361707843 prime?
False
Is 2333747677 prime?
False
Is 9884260151 a prime number?
False
Is 57426401 prime?
False
Is 4115294693 composite?
False
Is 47966943 composite?
True
Is 380590901 a composite number?
True
Is 97876843 prime?
True
Is 74043607409 a composite number?
True
Is 3564601949 prime?
False
Is 1544014909 a prime number?
False
Is 6767429317 prime?
False
Is 2859609811 prime?
True
Is 10852790983 a composite number?
True
Is 13318359137 prime?
True
Is 7235972209 a prime number?
True
Is 13407867983 a prime number?
False
Is 23333325461 composite?
False
Is 2365693999 prime?
True
Is 2546650861 composite?
False
Is 1653281393 a composite number?
True
Is 281679227 a composite number?
False
Is 870355139 a composite number?
True
Is 87862963453 a prime number?
True
Is 694099309 prime?
True
Is 6169159547 prime?
True
Is 39037012737 prime?
False
Is 9565569961 prime?
False
Is 1999608685 a prime number?
False
Is 28754485099 a prime number?
False
Is 1280773577 prime?
True
Is 39516858593 a prime number?
True
Is 36211946231 composite?
False
Is 26430424993 composite?
True
Is 1308727109 prime?
False
Is 3075354697 composite?
False
Is 313101713 prime?
True
Is 2345310101 a composite number?
True
Is 8148817249 a composite number?
True
Is 82931734733 a prime number?
True
Is 1387460149 composite?
True
Is 1563700529 composite?
False
Is 24765854973 prime?
False
Is 1220281987 a prime number?
True
Is 5008528867 prime?
False
Is 378517859 a composite number?
False
Is 998546551 prime?
True
Is 2715261701 composite?
False
Is 186644363 a prime number?
False
Is 840106063 a composite number?
True
Is 1754841161 a prime number?
False
Is 4879018247 a composite number?
False
Is 21758805143 a prime number?
True
Is 17925789323 composite?
True
Is 9696158551 composite?
False
Is 367103687 composite?
False
Is 95747123635 prime?
False
Is 858779951 a composite number?
False
Is 4278529313 composite?
False
Is 9249373631 a prime number?
True
Is 4870756783 composite?
False
Is 1362500857 a prime number?
True
Is 939089429 prime?
True
Is 77372726891 a composite number?
